Let c(h) = 4*h**2 - 3*h - 3. Let d be c(3). Suppose 5*t = d + 86. What are the prime factors of t?
2, 11
Suppose 0*x - x = -2. Let v be 16/(-12)*(x - 5). Suppose -11 = -2*c + 4*h + h, 40 = 4*c - v*h. What are the prime factors of c?
13
Let c be (-2 - -5) + (1 - 3). List the prime factors of 38*c - 5/5.
37
Let n(h) = -h**3 + 7*h**2 - 6*h + 2. Let a be n(6). Suppose 5*i - 25 = -a*f - 0*i, 3*i - 14 = -f. List the prime factors of f.
5
Suppose 5*w - 135 - 270 = 0. What are the prime factors of w?
3
List the prime factors of 1 + -4 + (-497)/14*-4.
139
Let z = 4 - 4. Suppose 2*v + z = 16. What are the prime factors of v?
2
Suppose 0*l = -l. Suppose l*b + 6 = -2*b. Let i = 12 + b. What are the prime factors of i?
3
What are the prime factors of (-7 - 6/2)*-2?
2, 5
Let j(c) = 2 - 3 - c + 4. Let n be j(-3). List the prime factors of -1*(-3)/n*22.
11
Suppose 3*v - 15 = -0*v. Let g = v - 1. Suppose -4*f + g*p = f - 28, -5*f = -3*p - 26. List the prime factors of f.
2
Let b be (6/10)/((-1)/(-5)). Suppose -b*a = a. Suppose a = n - 1 - 1. What are the prime factors of n?
2
Let i(w) = 4*w**2 - 5*w + 10. What are the prime factors of i(7)?
3, 19
Suppose 3*u + u - 12 = 0. Suppose 0*w = u*w - 69. What are the prime factors of w?
23
Suppose 5*y - 3*y + 8 = 0, -4*k - 2*y = -8. List the prime factors of (60/3)/k*1.
5
Suppose 0 = -2*h + h. Suppose -3*t + h*t = 0. What are the prime factors of 9 + 3/(-6)*t?
3
Suppose -2*i = -y + 2*i + 15, -9 = -y + 2*i. Suppose y*c - 17 = -0*c + l, -c - 3*l - 11 = 0. What are the prime factors of c?
2
Suppose 2*l - 138 = -4*d, 4*d - 4*l = d + 109. What are the prime factors of d?
5, 7
Suppose 5*l - 5 = 0, -4*a + 651 = 2*l - 507. What are the prime factors of a?
17
Let z(c) = c**2 - 7*c - 1. What are the prime factors of z(-4)?
43
Let f be (-8)/6*15/(-10). Suppose -f = i - 2*i. What are the prime factors of i?
2
Let n(w) = -w**2 - 2*w + 12. Let v be (-1)/(-2)*(-4 + 4). List the prime factors of n(v).
2, 3
Let o(p) = p - 2. Let r be o(-3). Let u be 2*1*(-3 - r). Suppose 0*q = u*q - 40. What are the prime factors of q?
2, 5
Let z be (-1 + 1)/(1 - -1). Let b be 3 + (-1 - -2)*1. Suppose z = b*m - 0*m - 52. What are the prime factors of m?
13
Suppose -1 = -2*g + 5. Suppose 5 = g*j - 1. List the prime factors of j.
2
Let y(w) = w**2 - 8*w + 13. List the prime factors of y(-8).
3, 47
Suppose -2*x + 7 - 3 = 0. Suppose d - x = 4. Suppose -36 = -d*t + 3*t. What are the prime factors of t?
2, 3
Suppose -g = u - 4*g - 86, -4*g - 452 = -5*u. Suppose 3*f - u - 55 = 0. List the prime factors of f.
7
Let c be (12/9)/(2/3). Let i be -5*(c + -2 + 1). List the prime factors of i/((-7)/(-4) + -2).
2, 5
Suppose 3*j + 9 = 51. Let w(r) = r**3 + 11*r**2 - 13*r - 5. Let x be w(-12). Let a = j - x. What are the prime factors of a?
7
Suppose 2*t + 4 = 2. What are the prime factors of (25/2)/(t/(-2))?
5
Let d = 71 - 17. List the prime factors of d.
2, 3
Suppose 41*q - 47*q + 1554 = 0. What are the prime factors of q?
7, 37
Let m = 5 - 5. Suppose 0 = -2*t - m + 18. What are the prime factors of t?
3
Let b be 0/(9/3*-1). Suppose -4*f = -b*i + 2*i + 6, -5*i + 5*f + 15 = 0. What are the prime factors of (-12)/(-10)*(6 - i)?
2, 3
Let a(c) = -c - 8. Let q be a(-9). Suppose 4*n = 5*w, 4*w - q = -n + 5*w. What are the prime factors of n?
5
Suppose -4*c - 329 + 1941 = 0. List the prime factors of c.
13, 31
List the prime factors of 6/24 - 75/(-4).
19
Let r(x) = -12*x + 6. Let w be r(4). Let k be (12/(-9))/(2/w). Let j = -17 + k. List the prime factors of j.
11
Let u = 386 - 128. List the prime factors of u.
2, 3, 43
Suppose f + 1 = 2. What are the prime factors of (-57)/(-9) + f/(-3)?
2, 3
Suppose 0*k + 4*k = -3*d + 13, -3*k = -2*d - 14. Suppose 5*m + 4*w = 14, 3 = k*m + 2*w - 7*w. What are the prime factors of m?
2
Suppose 4*b + 8 = 0, 4*a - b = 2*b - 54. Suppose -6 = 4*m - 0*d + 5*d, 0 = 4*m - 4*d + 24. Let v = m - a. What are the prime factors of v?
11
Let y(s) = -s**2 + s + 15. Let u be y(0). Suppose 0*p = -3*p + u. List the prime factors of p.
5
Let h(b) = 2 - 5*b**2 + 10*b**2 - 5*b + 0 - 2*b. Let q be h(5). What are the prime factors of q/6 - (-4)/(-12)?
3, 5
Let n(v) = -2*v**2 + 59*v + 1. List the prime factors of n(24).
5, 53
Let z(x) = x + 4. Let d be z(-6). Let b be -1*3/(-3)*9. What are the prime factors of 1/1*(b + d)?
7
Suppose -14*i + 13*i = -36. What are the prime factors of i?
2, 3
Suppose -3*g + 25 = -5*c, -5*g + 2*c - 5 = 3*c. Let i(w) = -2*w + 9 + w + 2*w. What are the prime factors of i(g)?
3
Suppose 5*o = 85 - 0. Let i = -9 + o. List the prime factors of i.
2
Let x = -1 - -3. Suppose -6 = -0*i - x*i. Suppose -i*u + u = -24. What are the prime factors of u?
2, 3
Suppose -a + 1 = -4*u + 9, -5*u + 23 = 2*a. Suppose u*i - 5*i + 14 = 0. What are the prime factors of i?
7
List the prime factors of 116/6 - (-14)/21.
2, 5
Let j be -2 - -3*(-3 - -2). Let w = j + 8. List the prime factors of (6/w - 2) + 7.
7
Let n be (0 + 3 + -2)*2. Let x(d) = -2 + 2*d + n. List the prime factors of x(1).
2
Let t(c) = -c**3 - 9*c**2 - c. Let i be t(-8). Let o = 29 + i. Let r = -14 - o. List the prime factors of r.
13
List the prime factors of (-3 - 0 - -145) + 1.
11, 13
Suppose 5*s - 1631 = 169. What are the prime factors of s?
2, 3, 5
Suppose y + 5 = -4*y, 1056 = 5*w + 4*y. Suppose 4*n = w - 28. Suppose 4*a = 26 + n. List the prime factors of a.
2, 3
Suppose -12*q = -9*q + 90. Let o = q + 65. List the prime factors of o.
5, 7
Suppose -24*l + 15 = -19*l. Suppose 2*s - 185 = -l*s - 4*z, -4*z = -4*s + 184. What are the prime factors of s?
41
Let l = 3 + -5. Suppose -23 - 2 = -5*s. What are the prime factors of (-12)/10*s/l?
3
Let o(a) = a**2 - 7*a + 3. Let d be o(6). Let t = 10 - d. What are the prime factors of t?
13
Let k = 2 - -3. Suppose 2*r - 8 = -2. Suppose -k*u = 3*h - 67, -r*u + 0 = -3*h - 21. List the prime factors of u.
11
Let w(q) = -8*q**3 - q - 1. Let l be w(2). Let o = -40 - l. List the prime factors of o.
3
Suppose 0 = -n - n + 8. Let y(p) = -p - 10. Let b be y(-9). Let z = n + b. What are the prime factors of z?
3
Let x = 155 + -62. Suppose -4*t + t = -x. List the prime factors of t.
31
Let l(n) = n - 5. Let k(f) = -1. Let y(a) = -6*k(a) - l(a). Suppose z + 2*u = -0*z + 7, 0 = -2*u - 2. List the prime factors of y(z).
2
Let b(w) = -w**3 + 5*w**2 - 4. Suppose 1 = l + h + 2, 2*l + 12 = -4*h. List the prime factors of b(l).
2, 3
Let u = 53 - 0. List the prime factors of u.
53
Suppose -4*h - 1 + 3 = 3*l, h - 8 = 3*l. Let s be 1/(3 + l)*-10. List the prime factors of s*(6/(-4) + 1).
5
Suppose q = 6*q - 15. Suppose -1 - 2 = -q*w. What are the prime factors of -2 + w + 1 + 10?
2, 5
Let b(a) = -a**2 + 11*a - 3. What are the prime factors of b(5)?
3
Let n be ((-2)/(-3))/(3*(-3)/(-27)). Let c(k) = k**2 + 11*k. Let m(s) = s**2 + 6*s. Let b(i) = -3*c(i) + 5*m(i). List the prime factors of b(n).
2
Let p = 46 + 31. List the prime factors of p.
7, 11
Suppose 4*d = -u + 17, -u + 8 = -2*d + 3*d. Let y = -9 + u. Let z(s) = -2*s - 3. What are the prime factors of z(y)?
5
Suppose s = -3*s - 5*w + 279, -4*w - 20 = 0. What are the prime factors of s?
2, 19
Suppose -2*a - 125 = 3*a. Let g = a + 39. List the prime factors of g.
2, 7
Suppose -7*i + 138 = -5*i. List the prime factors of i.
3, 23
Suppose 31*f - 672 = 27*f. List the prime factors of f.
2, 3, 7
Let t be 2/((-4)/(-14)) + -2. Let x = t + -3. List the prime factors of x.
2
Let z = 6 + -8. Let o(d) = -d**2 - 2*d - 1. Let v be o(z). What are the prime factors of -1 - 1*9*v?
2
Let m = -10 + -3. What are the prime factors of (m/(-3) + 0)*3?
13
Let o = 51 + -6. List the prime factors of o.
3, 5
Suppose 3*u = 382 + 674. What are the prime factors of u?
2, 11
Let g be 28/(2 + (-4 - -1)). Let u be 12/(-4) - (3 - g). Let f = 51 + u. List the prime factors of f.
17
Let i(a) = -a**3 - 7*a**2 - 4*a + 4. Let f be i(-6). Let n = f + 15. What are the prime factors of n?
7
Suppose -5*q + 0*q + 21 = 3*w, 0 = -3*w + 5*q - 9. Let u = 9 - w. What are the prime factors of u?
7
What are the prime factors of (-21)/14 - (-251)/2?
2, 31
Suppose 2*u + 5 = -2*o - 1, 2*o - 2 = 0. List the prime factors of (-2)/2*(u + -5).
3
What are the prime factors of (3/(-3) + 17)*30/12?
2, 5
What are the prime factors of 3 + (-3)/(-9) + (-227)/(-3)?
79
Let s(u) 